-2)*41/t.
41
Let a = 7 - 5. Suppose 2*v - 5*t = -2*v + 156, -4*t = -a*v + 84. Suppose -s = s - v. List the prime factors of s.
17
Let v = -364 - 151. Let b = v - -737. List the prime factors of b.
2, 3, 37
Suppose -4*y = -5*y - 11. Let a = 58 + y. What are the prime factors of a?
47
Let y be (-552)/(-28) + (-4)/(-14). Suppose -l = s + 2*l - 15, -4*l + y = 5*s. Suppose 3*q - 36 = -5*g + 7*q, s = -5*g - 3*q + 8. List the prime factors of g.
2
Let r be (25 + 1)*(-21)/(-14). Let s = r + -20. Suppose o + 0*o - s = 0. What are the prime factors of o?
19
Let o = -51 - -40. Let s(c) = c**2 - 6*c + 6. List the prime factors of s(o).
193
List the prime factors of (-146)/((-5 - -3)/(3 + 1)).
2, 73
Let o(g) = 2*g - 17. Let v be o(6). Let z(c) = 2*c**2 - 8*c - 21. List the prime factors of z(v).
3, 23
Let m(z) = 101*z**2 + 47*z - 238. What are the prime factors of m(6)?
2, 5, 23
Let x(u) = -40*u + 1. Suppose 5 - 1 = -2*q. What are the prime factors of x(q)?
3
Let l = 293 - 282. Let f(d) = -d**3 - d**2 + d + 2. Let b be f(2). List the prime factors of (l/(-4))/(1/b).
2, 11
Let q(s) = 5*s**3 + s**2 + s - 2. Let l be q(-2). Let g(r) = 4*r**2 + 24*r + 36. Let h be g(-8). Let u = l + h. What are the prime factors of u?
2, 3, 5
Let x = -39 - -17. Let n = x + 64. List the prime factors of n.
2, 3, 7
Suppose 5040 = 3*f - 4*n, -2*f = -2*n - 882 - 2478. What are the prime factors of f?
2, 3, 5, 7
Let w(b) = -2*b**2 - b + 7. Let d be w(0). Let u(z) be the second derivative of -z**5/20 + 2*z**4/3 - z**3/3 - 4*z**2 + z. List the prime factors of u(d).
3
Suppose 10*u = 2471 + 2259. Suppose -4*d - 279 = -5*t + 2*t, -5*t = -4*d - u. What are the prime factors of t?
97
Suppose x - 3*x + 6 = 0. Let s = x - -2. Suppose -s*z = -56 + 16. What are the prime factors of z?
2
Suppose 0 = -653*v + 665*v - 2496. What are the prime factors of v?
2, 13
List the prime factors of (-272 + 31)/(1/(-11)).
11, 241
Suppose -584 = 7*q - 5589. Suppose -4*r + q = -3*w + 8*w, -w - 2*r = -137. What are the prime factors of w?
3, 7
Let j = 31 - 26. What are the prime factors of -2 - (3 - 170/j)?
29
Let v be -2*(1 + -3) - 4. Suppose 6 = 2*g - v. Suppose g*o = -o + 84. List the prime factors of o.
3, 7
Let y = 86 - -141. What are the prime factors of y?
227
Let c(t) be the third derivative of -t**4/24 + 2*t**2. Let x be c(-5). List the prime factors of x*(-2 + 12/5).
2
Let a(l) = l**3 - 3*l**2 - 3*l - 4. Let h be a(4). Suppose -3*s + 6*s - 213 = h. Suppose -b + 2 = 4*y, -b + s = 2*b - y. List the prime factors of b.
2, 11
Let i = -1028 + 3178. What are the prime factors of i?
2, 5, 43
Let q(j) = -j**2 - 11*j - 5. Let s be q(-10). Suppose 3*b - s*c = 153 - 53, 2*b - 4*c = 70. List the prime factors of b.
5
Suppose -4*z = -3*i - 2*i + 536, 3*i + z = 308. Suppose 291 + i = 5*m. List the prime factors of m.
79
Let z(j) = -j - 4. Let r be 0 + 4 - 1*10. Let d be z(r). Suppose d*b = -4*b + 126. List the prime factors of b.
3, 7
Let x(z) = -206*z - 202. List the prime factors of x(-4).
2, 311
Suppose 4114 = 12*c + 5*c. Suppose -4*h - 5*r - 33 = -c, -5*h + 2*r + 220 = 0. What are the prime factors of h?
2, 23
Let j(d) be the third derivative of -d**5/60 - 7*d**4/24 + 11*d**3/6 + 7*d**2. Let u be j(-8). Suppose u*p = 22 + 53. List the prime factors of p.
5
Let g(l) = -l + 1. Let j(c) = 4*c - 5. Let r(v) = -6*g(v) - j(v). Let s = -1 - -7. What are the prime factors of r(s)?
11
Let x = 13 - 3. List the prime factors of (0 - -194)/(-5*(-4)/x).
97
Suppose -5*d + 362 = -1403. List the prime factors of d.
353
Suppose -4*t - d + 835 = -327, 0 = 3*t + d - 872. Suppose -4*s + t = 3*g, 5*s + 3 = -2. List the prime factors of g.
2, 7
Let x(l) = -30*l**3 - l**2 + l + 1. Suppose 3*a + 10 = 4. Let o be 6/(-2)*a/(-6). What are the prime factors of x(o)?
29
Suppose 87 - 30 = -3*o. Let m = 8 - o. What are the prime factors of m?
3
Let u(r) = r**3 + 19*r**2 - 18*r - 37. List the prime factors of u(-19).
5, 61
Let s = -1897 - -2799. What are the prime factors of s?
2, 11, 41
Suppose 0 = 31*a - 28*a - 2889. List the prime factors of a/15 + 4/(-20).
2
Let m(r) be the second derivative of r**5/20 + 5*r**4/12 - 2*r**3/3 - 15*r**2/2 - 31*r. List the prime factors of m(-4).
17
Suppose 14*n - 709 = 1965. Suppose -695 = 5*g + 5*v, 0 = -2*g - v - 160 - 113. Let i = n + g. What are the prime factors of i?
3, 19
Let m = 6 + -1. Let u be -2*1/m*-5. Suppose -4*b + u*b + 52 = 0. List the prime factors of b.
2, 13
Suppose -9*x + 13975 = -8165. List the prime factors of x.
2, 3, 5, 41
Let g(n) = -43*n + 1. Let w be 8/6 - (-8)/12. Suppose w*a + 1 = a. List the prime factors of g(a).
2, 11
Suppose u + 23273 = 38*u. List the prime factors of u.
17, 37
Suppose 6*g - 5*h = 3*g + 1721, 0 = g - 3*h - 575. List the prime factors of g.
2, 11, 13
Let t(y) = 2*y**2 - 9*y - 7. Suppose -w = -4 - 0. Suppose 5*v + 8 = 5*q - 47, -w*q - 4*v = -12. List the prime factors of t(q).
2, 7
Let l(o) be the first derivative of o**3/3 - o**2 - 14*o - 5. Let b be l(7). Let q = b - 10. What are the prime factors of q?
11
Let f(o) = 7*o - 25. Let a(x) = 7*x - 26. Let g(s) = -6*a(s) + 5*f(s). What are the prime factors of g(-11)?
2, 3
What are the prime factors of 1003 - (-2*2 + (-2 - -2))?
19, 53
Suppose 3*g + 13 = -2*g - 4*v, -4*g = v + 6. List the prime factors of 87 - (10/(-2) - g - -2).
89
Let y be ((-2)/(-4))/(15/(-18) - -1). Suppose 11 = -y*p + 41. List the prime factors of p.
2, 5
Let v(o) = -2*o**2 - 25*o + 14. Let d be v(-22). List the prime factors of (4/(-6))/(2 + d/201).
67
Let q(k) = -4*k**2 + 4*k - 6. Let l(y) = 13*y**2 - 11*y + 17. Let p(u) = 3*l(u) + 8*q(u). List the prime factors of p(2).
29
Suppose 2*u = -2*t + 3*u + 1, 6 = 2*u. Suppose -o + 1 = t*h, -h = o - 4*h - 6. Suppose -4*y = o*j - 29, -5*y + 8 + 8 = -3*j. List the prime factors of y.
5
Let c = 91 + -196. Let m = -57 - c. Suppose -3*q + 42 = -m. What are the prime factors of q?
2, 3, 5
Suppose 0 = 2*r - 18*r + 4272. What are the prime factors of r?
3, 89
Let b(r) = -2*r**2 + 6*r + 2. What are the prime factors of b(3)?
2
Let a be (-9)/9*1*-123. Suppose 7*u - 114 = -3*t + 2*u, 3*u + a = 4*t. List the prime factors of t.
3, 11
Suppose -8*r + 6*r - x = -2797, 5*x = -25. List the prime factors of r.
3, 467
What are the prime factors of ((-30)/50)/(10/(-80150))?
3, 7, 229
Let d(g) = -g**2 - 24*g - 12. Let p be d(-28). Suppose i - 238 = -62. Let m = i + p. What are the prime factors of m?
2, 13
Let b(f) = 109 - 109 + f. List the prime factors of b(10).
2, 5
Let q be 0/((6 + 0)/(-3)). Suppose -5*y - a - 32 = q, 2*y + 3*a + 9 = -9. Let x(v) = -v**3 - 7*v**2 - 8*v + 3. List the prime factors of x(y).
3, 5
Let b(p) = -p**3 + 3*p**2 - 4. Let l be b(-3). Let s = -6 + l. Suppose 2*n - s = -0*x + 2*x, 0 = -x. What are the prime factors of n?
2, 11
Let t(n) = -n + 95. Let k(l) = l**3 + 8*l**2 + 6*l - 7. Let c be k(-7). Let g be t(c). Suppose -8*m + g = -3*m. What are the prime factors of m?
19
Let b(p) = p**2 + 9*p + 13. Let z be b(-6). List the prime factors of 165/3 - (8 + z).
2, 13
Let n(j) = -j**3 - 8*j**2 + 8*j + 3. Let u be 3 - 0 - (-12)/(-1). Let w be n(u). Suppose 0 = -4*s + 3*s + w. What are the prime factors of s?
2, 3
Suppose -3*n - r = -12252, -104*r + 99*r - 15 = 0. What are the prime factors of n?
5, 19, 43
Let d be 1/6 - 235/(-30). Suppose 0 = 16*z - 17*z + d. Let x = 41 - z. List the prime factors of x.
3, 11
What are the prime factors of -1 - (-2)/3 - (-1695)/9?
2, 47
Suppose 2*h = 4*b - 7088, 4*b - h - 3*h = 7096. List the prime factors of b.
2, 3, 5, 59
Let i(x) be the third derivative of x**5/40 + 5*x**3/6 - 2*x**2. Let v(a) be the first derivative of i(a). What are the prime factors of v(6)?
2, 3
Suppose -14*j = -12*j - 11012. List the prime factors of j.
2, 2753
Suppose -2*w = -3*i + 934, -4*w = -5*i - 113 + 1667. What are the prime factors of i?
2, 157
Let z = 827 - -241. What are the prime factors of z?
2, 3, 89
Let q = 23 + -43. Let y = q + 41. Let c = y + -8. What are the prime factors of c?
13
Suppose 0 = 7*x + 619 - 2964. List the prime factors of x.
5, 67
What are the prime factors of -3 - -7 - (21 + -1252)?
5, 13, 19
Let c be -14*1/(-3)*9. Let v(q) = 3*q - 12. Let i be v(5). Suppose -i*t = -t - c. What are the prime factors of t?
3, 7
Suppose -7*o = -10*o + 1074. What are the p